159390?
True
Is 912321406 a multiple of 3614?
False
Does 3656 divide 190016944?
True
Does 25 divide 5726692?
False
Is 79973920 a multiple of 16?
True
Is 28243549 a multiple of 97?
False
Does 17 divide 5556502?
False
Does 50 divide 171296700?
True
Is 32187520 a multiple of 80?
True
Is 786363036 a multiple of 8?
False
Does 81 divide 1401026918?
False
Is 1106364114 a multiple of 18?
True
Is 30963478 a multiple of 532?
False
Is 315229512 a multiple of 2936?
True
Does 2597 divide 2774112562?
False
Is 26339686 a multiple of 14?
False
Does 4550 divide 251288572?
False
Does 9 divide 1130062493?
False
Does 173 divide 13967777?
False
Is 4 a factor of 5751455?
False
Does 239 divide 13680227?
False
Is 16 a factor of 3848512?
True
Is 787479520 a multiple of 361?
False
Is 1180 a factor of 88442180?
True
Does 4038 divide 60481164?
True
Is 593957220 a multiple of 204?
True
Does 2123 divide 55904069?
False
Is 2126 a factor of 375377190?
True
Is 11841219 a multiple of 8?
False
Is 6425 a factor of 2875539031?
False
Is 184 a factor of 235954173?
False
Is 2940840583 a multiple of 11?
False
Is 119 a factor of 185242317?
False
Is 3595 a factor of 229670088?
False
Does 47 divide 134777435?
True
Is 41881268 a multiple of 26?
True
Does 317 divide 82028822?
True
Is 51 a factor of 793909976?
False
Does 6 divide 128517593?
False
Does 15 divide 1011450?
True
Is 970339 a multiple of 64?
False
Is 107505403 a multiple of 1187?
True
Is 43676092 a multiple of 277?
False
Is 15383484 a multiple of 569?
True
Is 43510334 a multiple of 558?
False
Does 18 divide 27581004?
True
Is 23715914 a multiple of 12?
False
Is 173 a factor of 1045692290?
False
Is 1327 a factor of 33871675?
True
Is 75162879 a multiple of 17?
False
Is 308867530 a multiple of 2155?
True
Is 14 a factor of 1594416866?
True
Does 146 divide 44991360?
True
Does 11 divide 6279054603?
False
Does 319 divide 84611801?
False
Is 10 a factor of 22685891?
False
Is 3793350 a multiple of 33?
True
Is 422 a factor of 23199872?
True
Is 149 a factor of 390190972?
False
Does 51 divide 286187193?
False
Is 89 a factor of 4190784830?
True
Is 1513470130 a multiple of 205?
False
Is 25 a factor of 13278600?
True
Is 77 a factor of 753695286?
False
Does 1865 divide 596766430?
True
Is 1924279327 a multiple of 37?
False
Is 131863788 a multiple of 1484?
True
Is 17223312 a multiple of 24?
True
Does 4 divide 15057047?
False
Is 1684 a factor of 163928980?
True
Is 89500325 a multiple of 425?
True
Does 1095 divide 7453067?
False
Is 628305479 a multiple of 246?
False
Is 121 a factor of 108815058?
True
Is 12 a factor of 514875155?
False
Is 22 a factor of 313661040?
True
Is 63867716 a multiple of 44?
True
Is 38258002 a multiple of 1201?
False
Does 17 divide 14811262?
False
Does 24 divide 25530415?
False
Is 775998054 a multiple of 9?
True
Is 186 a factor of 458411266?
False
Is 1677873769 a multiple of 46?
False
Is 185 a factor of 765984175?
True
Is 86543072 a multiple of 847?
True
Is 633045630 a multiple of 15?
True
Is 610 a factor of 109437211?
False
Is 18884229 a multiple of 21?
True
Does 2 divide 712353200?
True
Does 1478 divide 2652840030?
True
Is 455971516 a multiple of 4763?
True
Is 91 a factor of 5631043494?
False
Is 26955550 a multiple of 10?
True
Is 217 a factor of 508648398?
False
Does 21 divide 173477598?
True
Does 33 divide 297034815?
True
Does 605 divide 50222865?
True
Is 21334665 a multiple of 43?
True
Is 2659500 a multiple of 25?
True
Is 6 a factor of 205472760?
True
Is 66232740 a multiple of 32?
False
Is 1079 a factor of 1480699831?
True
Is 4597728636 a multiple of 23?
False
Does 197 divide 18159849?
False
Is 484 a factor of 15549952?
True
Is 72777668 a multiple of 2634?
False
Does 156 divide 632151585?
False
Is 136 a factor of 73663086?
False
Is 733569012 a multiple of 36?
True
Does 8 divide 30354024?
True
Is 80 a factor of 6252397?
False
Is 19662825 a multiple of 55?
False
Does 47 divide 83360631?
False
Does 870 divide 8462490?
True
Is 97 a factor of 2296863?
True
Does 2577 divide 29511878?
False
Is 779 a factor of 685149368?
False
Is 500 a factor of 4791344?
False
Is 130 a factor of 54043210?
True
Is 1287 a factor of 6309020697?
False
Is 1341 a factor of 93090368?
False
Does 191 divide 1138886396?
True
Is 50445305 a multiple of 2?
False
Is 22 a factor of 47570238?
False
Is 53 a factor of 394694425?
False
Is 664928640 a multiple of 7185?
True
Is 2884303262 a multiple of 3386?
False
Is 1473 a factor of 290586977?
False
Does 14 divide 717390842?
True
Is 109 a factor of 3712633195?
True
Does 2652 divide 1176363552?
True
Does 293 divide 12469494?
True
Does 327 divide 14866728?
True
Is 55832108 a multiple of 167?
True
Is 5731 a factor of 555987234?
True
Is 2611020836 a multiple of 277?
True
Is 1882 a factor of 9775108?
True
Is 4 a factor of 59523348?
True
Does 128 divide 1541044493?
False
Does 52 divide 2754128?
True
Is 2390 a factor of 1639616669?
False
Does 5 divide 19429076?
False
Is 17727970 a multiple of 1332?
False
Is 4 a factor of 91406426?
False
Is 2885760 a multiple of 45?
True
Does 7 divide 36567614?
False
Is 36 a factor of 7184120?
False
Does 56 divide 23420544?
True
Is 127078995 a multiple of 1065?
True
Is 89463231 a multiple of 4089?
True
Does 272 divide 278197792?
True
Is 153 a factor of 992234376?
True
Is 130 a factor of 71930820?
True
Is 2761650 a multiple of 1530?
True
Does 57 divide 118424055?
True
Is 155529140 a multiple of 13?
True
Is 620 a factor of 48665624?
False
Is 17 a factor of 48341880?
True
Does 182 divide 23985099?
False
Is 104 a factor of 94102215?
False
Is 1024786140 a multiple of 1030?
True
Is 426474333 a multiple of 2596?
False
Is 255 a factor of 69396089?
False
Does 5342 divide 1388920?
True
Is 9 a factor of 511594941?
False
Does 13 divide 124699770?
True
Is 68 a factor of 35746852?
True
Is 70 a factor of 465344250?
True
Does 6 divide 4674219?
False
Is 13 a factor of 88515023?
False
Is 17531106 a multiple of 6?
True
Is 464442772 a multiple of 667?
True
Is 62817953 a multiple of 330?
False
Does 9 divide 19998?
True
Does 32 divide 2674008?
False
Does 537 divide 1191610518?
True
Is 13 a factor of 557601499?
True
Is 92 a factor of 31755916?
True
Is 731467220 a multiple of 220?
True
Does 693 divide 96252849?
True
Does 42 divide 68129593?
False
Is 5726908 a multiple of 92?
True
Is 242 a factor of 120391988?
False
Is 3171648891 a multiple of 13?
False
Does 23 divide 6279759?
True
Is 91322169 a multiple of 309?
True
Does 583 divide 449769925?
True
Is 171 a factor of 679824750?
False
Is 38 a factor of 321019668?
True
Does 28 divide 8553888?
True
Is 507642 a multiple of 57?
True
Is 1958 a factor of 48497702?
True
Does 2626 divide 86136277?
False
Is 777439750 a multiple of 1848?
False
Does 75 divide 7685175?
True
Does 1160 divide 739446640?
True
Is 118551047 a multiple of 777?
False
Is 24302872 a multiple of 88?
True
Is 2 a factor of 9519625?
False
Is 26 a factor of 2252767842?
True
Does 6307 divide 446264399?
True
Does 1646 divide 726448932?
True
Is 4100493 a multiple of 118?
False
Does 64 divide 9524480?
True
Does 395 divide 1428611603?
False
Does 247 divide 227900745?
False
Is 2437 a factor of 14046868?
True
Is 1622564 a multiple of 21?
False
Is 82301555 a multiple of 8?
False
Is 5744380 a multiple of 20?
True
Does 37 divide 6177932180?
True
Does 1125 divide 943273125?
True
Does 26 divide 18101376?
False
Is 99051363 a multiple of 207?
True
Is 4276592166 a multiple of 11?
True
Is 416653723 a multiple of 53?
True
Is 17113660 a multiple of 4?
True
Does 96 divide 463888603?
False
Is 217 a factor of 593898987?
False
Does 15 divide 46502876?
False
Is 7 a factor of 333276167?
True
Is 26 a factor of 63940128?
False
Is 21514512 a multiple of 13?
False
Is 45 a factor of 236262515?
False
Is 6936644 a multiple of 42?
False
Does 2098 divide 13023643?
False
Is 34 a factor of 1313527746?
True
Does 535 divide 6024635?
True
Does 83 divide 56607918?
False
Does 10 divide 133831850?
True
Is 1967013 a multiple of 20?
False
Is 10854675 a multiple of 675?
True
Does 2016 divide 647488800?
True
Does 45 divide 13383720?
True
Is 6 a factor of 7701238?
False
Is 285 a factor of 191452740?
True
Does 75 divide 79390500?
True
Does 20 divide 457444800?
True
Does 770 divide 361621260?
True
Does 224 divide 22569900?
False
Is 77 a factor of 20384